{"id":3,"date":"2019-07-05T12:42:28","date_gmt":"2019-07-05T10:42:28","guid":{"rendered":"https:\/\/control-bcn.com\/?page_id=3"},"modified":"2026-03-03T09:37:34","modified_gmt":"2026-03-03T08:37:34","slug":"politica-privacidad","status":"publish","type":"page","link":"https:\/\/www.msbdistribution.es\/?page_id=3","title":{"rendered":"Pol\u00edtica de privacidad i cookies"},"content":{"rendered":"\t\t<div data-elementor-type=\"wp-page\" data-elementor-id=\"3\" class=\"elementor elementor-3\" data-elementor-post-type=\"page\">\n\t\t\t\t\t\t<section class=\"elementor-section elementor-top-section elementor-element elementor-element-215c9586 elementor-section-boxed elementor-section-height-default elementor-section-height-default\" data-id=\"215c9586\" data-element_type=\"section\" data-e-type=\"section\">\n\t\t\t\t\t\t<div class=\"elementor-container elementor-column-gap-default\">\n\t\t\t\t\t<div class=\"elementor-column elementor-col-100 elementor-top-column elementor-element elementor-element-3328a56c\" data-id=\"3328a56c\" data-element_type=\"column\" data-e-type=\"column\">\n\t\t\t<div class=\"elementor-widget-wrap elementor-element-populated\">\n\t\t\t\t\t\t<div class=\"elementor-element elementor-element-f353e0a elementor-widget elementor-widget-text-editor\" data-id=\"f353e0a\" data-element_type=\"widget\" data-e-type=\"widget\" data-widget_type=\"text-editor.default\">\n\t\t\t\t\t\t\t\t\t<p>En www.msbdistribution.es nos tomamos muy en serio tu privacidad. En el siguiente texto describimos la forma en que tratamos la informaci\u00f3n de los usuarios que recopilamos a trav\u00e9s de la web, ya sea a trav\u00e9s de los formularios, de los pedidos online y\/o por otras v\u00edas de entrada de datos de usuarios.<br \/>Al visitar y\/o utilizar nuestro sitio web, entendemos que aceptas esta pol\u00edtica de privacidad.<br \/>www.msbdistribution.es es propiedad de Control Sb Barcelona, SCP.<\/p><p><b>PROTECCI\u00d3N DE DATOS<\/b><br \/>Al registrarte, te comprometes a proporcionarnos datos personales v\u00e1lidos, que nos permitan prestarte el servicio demandado e identificarte como usuario registrado.<br \/>Los datos personales que te pedimos son necesarios para enviarte informaci\u00f3n, hacerte llegar tu pedido, confeccionar tu factura o contactarte en caso de duda. Si nos faltan datos o son err\u00f3neos, tu pedido no llegar\u00e1 a destino o ser\u00e1 anulado.<br \/>En Msb distribution nos comprometemos a cumplir con el deber de secreto de tus datos, y a tratarlos con total confidencialidad. Asumimos las medidas necesarias para evitar su alteraci\u00f3n, p\u00e9rdida, tratamiento o acceso no autorizado, tal y como se recoge en la Ley Org\u00e1nica 15\/1999, de 13 de diciembre, de Protecci\u00f3n de Datos de Car\u00e1cter Personal y en el Real Decreto 1720\/2007, de 21 de diciembre y en sus otras normas de desarrollo.<\/p><p><b>\u00bfQui\u00e9n es el responsable del tratamiento de tus datos?<\/b><br \/>Identidad: Control Sb Barcelona, S.C.P. \u2013 CIF\/NIF: J-67507053\u00a0(cp08180) Moi\u00e0, Bcn.<br \/>Tel\u00e9fono: (+34)\u00a0615 878 368<br \/>Correo electr\u00f3nico: info@msbdistribution.es<br \/>Delegado de Protecci\u00f3n de Datos: Oriol Bonet<\/p><p><b>\u00bfQu\u00e9 finalidad le damos a tus datos personales?<\/b><br \/>\u00danicamente usamos tus datos personales para poder gestionar tus pedidos y -en caso de aceptaci\u00f3n expl\u00edcita por tu parte- para enviarte informaci\u00f3n comercial, ya sean respuestas a tus dudas o boletines electr\u00f3nicos con ofertas u otras promociones o novedades que consideremos interesantes para ti.<\/p><p><b>\u00bfDurante cu\u00e1nto tiempo conservamos tus datos?<\/b><br \/>Conservaremos tus datos en nuestro archivo mientras no solicites su eliminaci\u00f3n.<br \/>La base legal para el tratamiento de tus datos es la aceptaci\u00f3n por tu parte de nuestras condiciones legales de la tienda, ya sea registr\u00e1ndote en la web o suscribi\u00e9ndote a cualquier servicio de env\u00edo de informaci\u00f3n comercial (newsletter \/ bolet\u00edn electr\u00f3nico).<\/p><p><b>\u00bfCompartimos o vendemos tus datos a terceros?<\/b><br \/>NUNCA. A nadie. Ten en cuenta que existe la necesidad de comunicar tus datos a la empresa de transportes para que te llegue el pedido.<\/p><p><b>\u00bfQu\u00e9 derechos tienes al facilitarnos tus datos personales?<\/b><br \/>Tienes derecho en todo momento a acceder a tus datos personales, solicitar rectificaci\u00f3n de datos incorrectos, o solicitar su total eliminaci\u00f3n. Asimismo, puedes limitar el tratamiento de tus datos u oponerte al tratamiento de los mismos, en cuyo caso s\u00f3lo los conservaremos para el ejercicio o defensa de posibles reclamaciones.<br \/>Para hacer uso de tus derechos, ponte en contacto por e-mail o tel\u00e9fono con el responsable del tratamiento de datos (tienes nuestros datos arriba).<\/p><p><b>\u00bfC\u00f3mo obtenemos tus datos?<\/b><br \/>Los datos personales que tratamos en Msb distribution proceden de los distintos formularios que encontrar\u00e1s en nuestra web.<br \/>Las categor\u00edas de datos que tratamos son:<br \/>Datos de identificaci\u00f3n personales.<br \/>C\u00f3digos o claves de identificaci\u00f3n.<br \/>Direcciones postales o electr\u00f3nicas y n\u00fameros de tel\u00e9fono.<br \/>Datos econ\u00f3micos (n\u00fam. de cuentas bancarias o tarjetas).<br \/>No tratamos datos especialmente protegidos.<\/p><p><b>POL\u00cdTICA DE COOKIES<\/b><br \/>Para cumplir con lo dispuesto en el art\u00edculo 22.2 de la Ley 34\/2002, de 11 de julio, de Servicios de la Sociedad de la Informaci\u00f3n y de Comercio Electr\u00f3nico, te informamos sobre la pol\u00edtica de recogida y tratamiento de cookies en nuestra p\u00e1gina web.<\/p><p><b>\u00bfQu\u00e9 son las cookies?<\/b><br \/>Una cookie es un peque\u00f1o archivo que se descarga en tu terminal al acceder a determinadas p\u00e1ginas web. Estos archivos se quedan guardados en tu terminal y contienen datos an\u00f3nimos que no son perjudiciales para tu equipo. <br \/>Se usan para recordar las preferencias del usuario (por ej. el idioma seleccionado), tus datos de acceso (para no tener que registrarte cada vez que entres), o tambi\u00e9n para registrar informaci\u00f3n an\u00f3nima sobre c\u00f3mo el visitante utiliza el sitio web (como datos de anal\u00edticas web que usamos para mejorar tu experiencia de navegaci\u00f3n).<\/p><p><b>\u00bfQu\u00e9 tipos de cookies utilizamos en msb distribution?<\/b><br \/>Cookies de an\u00e1lisis: Usadas por nosotros o por terceros (google analytics, por ejemplo), analizan tu navegaci\u00f3n en nuestra web y nos ayudan a elaborar estad\u00edsticas de visitas y usuarios, con la finalidad de mejorar tu experiencia como usuario o la oferta de la propia web.<br \/>Cookies t\u00e9cnicas: Son las que te permiten navegar una vez registrado como usuario y utilizar diferentes funciones, como por ejemplo, hacer una compra de productos en la web.<br \/>Cookies de personalizaci\u00f3n: Permiten predefinir algunas caracter\u00edsticas en nuestra web en funci\u00f3n de tu tipo de terminal o navegador (como por ejemplo el idioma a mostrar).<br \/>Otras cookies: Nuestra web incluye algunas funcionalidades proporcionadas por terceros que tambi\u00e9n pueden requerir cookies. Por ejemplo, puedes compartir algunos contenidos en redes sociales, con los botones que hemos incluido a tal efecto.<\/p><p><b>\u00bfC\u00f3mo administrar las cookies en tus navegadores?<\/b><br \/>Para usar nuestra web es necesaria la aceptaci\u00f3n de las cookies por tu parte. Si navegas o compras en ella sin denegar la autorizaci\u00f3n, entendemos que aceptas su utilizaci\u00f3n. Ten en cuenta que si rechazas o borras las cookies de navegaci\u00f3n, no podremos mantener tus preferencias, o recordarte tu nombre de usuario y es posible que algunas caracter\u00edsticas de la web no funcionen correctamente.<br \/>Siempre y en cualquier momento puedes revocar tu consentimiento al uso de cookies cesando la navegaci\u00f3n, no acept\u00e1ndolas, o configurando tus navegadores para bloquearlas o incluso eliminarlas.<\/p><p>Si tienes cualquier duda sobre nuestra pol\u00edtica de cookies o quieres informaci\u00f3n m\u00e1s detallada, no dudes en contactar con nosotros.<\/p>\t\t\t\t\t\t\t\t<\/div>\n\t\t\t\t\t<\/div>\n\t\t<\/div>\n\t\t\t\t\t<\/div>\n\t\t<\/section>\n\t\t\t\t<\/div>\n\t\t","protected":false},"excerpt":{"rendered":"<p>En www.msbdistribution.es nos tomamos muy en serio tu privacidad. En el siguiente texto describimos la forma en que tratamos la informaci\u00f3n de los usuarios que recopilamos a trav\u00e9s de la web, ya sea a trav\u00e9s de los formularios, de los pedidos online y\/o por otras v\u00edas de entrada de datos de usuarios.Al visitar y\/o utilizar &#8230; <a title=\"Pol\u00edtica de privacidad i cookies\" class=\"read-more\" href=\"https:\/\/www.msbdistribution.es\/?page_id=3\" aria-label=\"Leer m\u00e1s sobre Pol\u00edtica de privacidad i cookies\">Leer m\u00e1s<\/a><\/p>\n","protected":false},"author":3,"featured_media":0,"parent":0,"menu_order":0,"comment_status":"closed","ping_status":"open","template":"","meta":{"footnotes":""},"class_list":["post-3","page","type-page","status-publish"],"yoast_head":"<!-- This site is optimized with the Yoast SEO plugin v27.4 - https:\/\/yoast.com\/product\/yoast-seo-wordpress\/ -->\n<title>Pol\u00edtica de privacidad i cookies |<\/title>\n<meta name=\"robots\" content=\"index, follow, max-snippet:-1, max-image-preview:large, max-video-preview:-1\" \/>\n<link rel=\"canonical\" href=\"https:\/\/www.msbdistribution.es\/?page_id=3\" \/>\n<meta property=\"og:locale\" content=\"es_ES\" \/>\n<meta property=\"og:type\" content=\"article\" \/>\n<meta property=\"og:title\" content=\"Pol\u00edtica de privacidad i cookies |\" \/>\n<meta property=\"og:description\" content=\"En www.msbdistribution.es nos tomamos muy en serio tu privacidad. En el siguiente texto describimos la forma en que tratamos la informaci\u00f3n de los usuarios que recopilamos a trav\u00e9s de la web, ya sea a trav\u00e9s de los formularios, de los pedidos online y\/o por otras v\u00edas de entrada de datos de usuarios.Al visitar y\/o utilizar ... Leer m\u00e1s\" \/>\n<meta property=\"og:url\" content=\"https:\/\/www.msbdistribution.es\/?page_id=3\" \/>\n<meta property=\"og:site_name\" content=\"MSB DISTRIBUTION\" \/>\n<meta property=\"article:publisher\" content=\"https:\/\/www.facebook.com\/msbdist\" \/>\n<meta property=\"article:modified_time\" content=\"2026-03-03T08:37:34+00:00\" \/>\n<meta property=\"og:image\" content=\"https:\/\/www.msbdistribution.es\/wp-content\/uploads\/2021\/08\/logo_msb21.png\" \/>\n\t<meta property=\"og:image:width\" content=\"300\" \/>\n\t<meta property=\"og:image:height\" content=\"300\" \/>\n\t<meta property=\"og:image:type\" content=\"image\/png\" \/>\n<meta name=\"twitter:card\" content=\"summary_large_image\" \/>\n<meta name=\"twitter:label1\" content=\"Tiempo de lectura\" \/>\n\t<meta name=\"twitter:data1\" content=\"5 minutos\" \/>\n<script type=\"application\/ld+json\" class=\"yoast-schema-graph\">{\"@context\":\"https:\\\/\\\/schema.org\",\"@graph\":[{\"@type\":\"WebPage\",\"@id\":\"https:\\\/\\\/www.msbdistribution.es\\\/?page_id=3\",\"url\":\"https:\\\/\\\/www.msbdistribution.es\\\/?page_id=3\",\"name\":\"Pol\u00edtica de privacidad i cookies |\",\"isPartOf\":{\"@id\":\"https:\\\/\\\/www.msbdistribution.es\\\/#website\"},\"datePublished\":\"2019-07-05T10:42:28+00:00\",\"dateModified\":\"2026-03-03T08:37:34+00:00\",\"breadcrumb\":{\"@id\":\"https:\\\/\\\/www.msbdistribution.es\\\/?page_id=3#breadcrumb\"},\"inLanguage\":\"es\",\"potentialAction\":[{\"@type\":\"ReadAction\",\"target\":[\"https:\\\/\\\/www.msbdistribution.es\\\/?page_id=3\"]}]},{\"@type\":\"BreadcrumbList\",\"@id\":\"https:\\\/\\\/www.msbdistribution.es\\\/?page_id=3#breadcrumb\",\"itemListElement\":[{\"@type\":\"ListItem\",\"position\":1,\"name\":\"Portada\",\"item\":\"https:\\\/\\\/www.msbdistribution.es\\\/\"},{\"@type\":\"ListItem\",\"position\":2,\"name\":\"Pol\u00edtica de privacidad i cookies\"}]},{\"@type\":\"WebSite\",\"@id\":\"https:\\\/\\\/www.msbdistribution.es\\\/#website\",\"url\":\"https:\\\/\\\/www.msbdistribution.es\\\/\",\"name\":\"Msb Distribution\",\"description\":\"we are skaters\",\"publisher\":{\"@id\":\"https:\\\/\\\/www.msbdistribution.es\\\/#organization\"},\"potentialAction\":[{\"@type\":\"SearchAction\",\"target\":{\"@type\":\"EntryPoint\",\"urlTemplate\":\"https:\\\/\\\/www.msbdistribution.es\\\/?s={search_term_string}\"},\"query-input\":{\"@type\":\"PropertyValueSpecification\",\"valueRequired\":true,\"valueName\":\"search_term_string\"}}],\"inLanguage\":\"es\"},{\"@type\":\"Organization\",\"@id\":\"https:\\\/\\\/www.msbdistribution.es\\\/#organization\",\"name\":\"Msb Distribution\",\"alternateName\":\"Msb Distribution\",\"url\":\"https:\\\/\\\/www.msbdistribution.es\\\/\",\"logo\":{\"@type\":\"ImageObject\",\"inLanguage\":\"es\",\"@id\":\"https:\\\/\\\/www.msbdistribution.es\\\/#\\\/schema\\\/logo\\\/image\\\/\",\"url\":\"https:\\\/\\\/www.msbdistribution.es\\\/wp-content\\\/uploads\\\/2021\\\/11\\\/NEW-LOGO-MSB-RGB.png\",\"contentUrl\":\"https:\\\/\\\/www.msbdistribution.es\\\/wp-content\\\/uploads\\\/2021\\\/11\\\/NEW-LOGO-MSB-RGB.png\",\"width\":2024,\"height\":2024,\"caption\":\"Msb Distribution\"},\"image\":{\"@id\":\"https:\\\/\\\/www.msbdistribution.es\\\/#\\\/schema\\\/logo\\\/image\\\/\"},\"sameAs\":[\"https:\\\/\\\/www.facebook.com\\\/msbdist\",\"https:\\\/\\\/www.instagram.com\\\/msbdistribution\\\/\"]}]}<\/script>\n<!-- \/ Yoast SEO plugin. -->","yoast_head_json":{"title":"Pol\u00edtica de privacidad i cookies |","robots":{"index":"index","follow":"follow","max-snippet":"max-snippet:-1","max-image-preview":"max-image-preview:large","max-video-preview":"max-video-preview:-1"},"canonical":"https:\/\/www.msbdistribution.es\/?page_id=3","og_locale":"es_ES","og_type":"article","og_title":"Pol\u00edtica de privacidad i cookies |","og_description":"En www.msbdistribution.es nos tomamos muy en serio tu privacidad. En el siguiente texto describimos la forma en que tratamos la informaci\u00f3n de los usuarios que recopilamos a trav\u00e9s de la web, ya sea a trav\u00e9s de los formularios, de los pedidos online y\/o por otras v\u00edas de entrada de datos de usuarios.Al visitar y\/o utilizar ... Leer m\u00e1s","og_url":"https:\/\/www.msbdistribution.es\/?page_id=3","og_site_name":"MSB DISTRIBUTION","article_publisher":"https:\/\/www.facebook.com\/msbdist","article_modified_time":"2026-03-03T08:37:34+00:00","og_image":[{"width":300,"height":300,"url":"https:\/\/www.msbdistribution.es\/wp-content\/uploads\/2021\/08\/logo_msb21.png","type":"image\/png"}],"twitter_card":"summary_large_image","twitter_misc":{"Tiempo de lectura":"5 minutos"},"schema":{"@context":"https:\/\/schema.org","@graph":[{"@type":"WebPage","@id":"https:\/\/www.msbdistribution.es\/?page_id=3","url":"https:\/\/www.msbdistribution.es\/?page_id=3","name":"Pol\u00edtica de privacidad i cookies |","isPartOf":{"@id":"https:\/\/www.msbdistribution.es\/#website"},"datePublished":"2019-07-05T10:42:28+00:00","dateModified":"2026-03-03T08:37:34+00:00","breadcrumb":{"@id":"https:\/\/www.msbdistribution.es\/?page_id=3#breadcrumb"},"inLanguage":"es","potentialAction":[{"@type":"ReadAction","target":["https:\/\/www.msbdistribution.es\/?page_id=3"]}]},{"@type":"BreadcrumbList","@id":"https:\/\/www.msbdistribution.es\/?page_id=3#breadcrumb","itemListElement":[{"@type":"ListItem","position":1,"name":"Portada","item":"https:\/\/www.msbdistribution.es\/"},{"@type":"ListItem","position":2,"name":"Pol\u00edtica de privacidad i cookies"}]},{"@type":"WebSite","@id":"https:\/\/www.msbdistribution.es\/#website","url":"https:\/\/www.msbdistribution.es\/","name":"Msb Distribution","description":"we are skaters","publisher":{"@id":"https:\/\/www.msbdistribution.es\/#organization"},"potentialAction":[{"@type":"SearchAction","target":{"@type":"EntryPoint","urlTemplate":"https:\/\/www.msbdistribution.es\/?s={search_term_string}"},"query-input":{"@type":"PropertyValueSpecification","valueRequired":true,"valueName":"search_term_string"}}],"inLanguage":"es"},{"@type":"Organization","@id":"https:\/\/www.msbdistribution.es\/#organization","name":"Msb Distribution","alternateName":"Msb Distribution","url":"https:\/\/www.msbdistribution.es\/","logo":{"@type":"ImageObject","inLanguage":"es","@id":"https:\/\/www.msbdistribution.es\/#\/schema\/logo\/image\/","url":"https:\/\/www.msbdistribution.es\/wp-content\/uploads\/2021\/11\/NEW-LOGO-MSB-RGB.png","contentUrl":"https:\/\/www.msbdistribution.es\/wp-content\/uploads\/2021\/11\/NEW-LOGO-MSB-RGB.png","width":2024,"height":2024,"caption":"Msb Distribution"},"image":{"@id":"https:\/\/www.msbdistribution.es\/#\/schema\/logo\/image\/"},"sameAs":["https:\/\/www.facebook.com\/msbdist","https:\/\/www.instagram.com\/msbdistribution\/"]}]}},"_links":{"self":[{"href":"https:\/\/www.msbdistribution.es\/index.php?rest_route=\/wp\/v2\/pages\/3","targetHints":{"allow":["GET"]}}],"collection":[{"href":"https:\/\/www.msbdistribution.es\/index.php?rest_route=\/wp\/v2\/pages"}],"about":[{"href":"https:\/\/www.msbdistribution.es\/index.php?rest_route=\/wp\/v2\/types\/page"}],"author":[{"embeddable":true,"href":"https:\/\/www.msbdistribution.es\/index.php?rest_route=\/wp\/v2\/users\/3"}],"replies":[{"embeddable":true,"href":"https:\/\/www.msbdistribution.es\/index.php?rest_route=%2Fwp%2Fv2%2Fcomments&post=3"}],"version-history":[{"count":35,"href":"https:\/\/www.msbdistribution.es\/index.php?rest_route=\/wp\/v2\/pages\/3\/revisions"}],"predecessor-version":[{"id":6393,"href":"https:\/\/www.msbdistribution.es\/index.php?rest_route=\/wp\/v2\/pages\/3\/revisions\/6393"}],"wp:attachment":[{"href":"https:\/\/www.msbdistribution.es\/index.php?rest_route=%2Fwp%2Fv2%2Fmedia&parent=3"}],"curies":[{"name":"wp","href":"https:\/\/api.w.org\/{rel}","templated":true}]}}